culate j(g).
-17
Let y(b) = -b**3 + b**2 + 4*b - 3. Let f(l) = -l**2 - l + 1. Let u(s) = -5*f(s) + y(s). Let t = -69 - -76. Determine u(t).
6
Let j = -15 - -27. Let w(v) = -37*v + 15. Let b(h) = -15*h + 8. Let p(g) = 5*b(g) - 2*w(g). Let d be p(j). Let u(m) = 5*m**2 + 3*m + 3. What is u(d)?
17
Let j = 13 + -10. Suppose r = 3*k - 1, 3*r - j*k + 6*k + 3 = 0. Let n be (r/1 - -1)/(-2). Let t(g) = g - 4. Calculate t(n).
-4
Let a = -5174 - -5170. Let o(y) = 6*y + 31. Determine o(a).
7
Let u(i) = 3*i - 24. Let d(f) = 16*f - 143. Let o(m) = -2*d(m) + 11*u(m). What is o(-26)?
-4
Let v(a) = 94*a**2 - 1032*a - 12. Let s be v(11). Let l(n) = -n**2 + 9*n + 3. What is l(s)?
-7
Let f(r) = 6*r**3 - 40*r**2 - 37*r - 131. Let y(z) = -z**3 + 8*z**2 + 7*z + 25. Let c(j) = 2*f(j) + 11*y(j). Calculate c(-8).
-11
Let i(k) = -9*k**2 - k + 1. Let j be (1/(-2))/((-2)/16). Suppose -2*r - 4*d - 6 = 0, 5*r + j*d - 12 = -15. What is i(r)?
-9
Let w(g) be the second derivative of -g**4/12 - g**3 - 3*g**2 - 58*g. Let o be w(-5). Let r(i) = -2*i - 1. What is r(o)?
1
Suppose 131*x + 5 = 133*x - 5*k, 3*k = x - 6. Let q(l) = -8*l - 110. What is q(x)?
10
Let w(r) = -r**2 + 65*r - 500. Let i(c) = c**3 + 24*c**2 + 62*c + 452. Let z be i(-22). What is w(z)?
4
Let m(u) be the first derivative of -u**5/20 + 17*u**4/12 - 17*u**3/6 + 5*u**2 - 54*u - 44. Let q(t) be the first derivative of m(t). Determine q(16).
-6
Let m(g) be the first derivative of g**7/210 + g**6/360 + g**5/60 + g**4/8 + 86*g**3/3 - g + 167. Let c(k) be the third derivative of m(k). What is c(-2)?
-29
Let p be (-3 - (7 - 1))/(-3). Let k(n) = 0*n**3 + 0*n**2 + 4 + 2*n**3 - 6*n**2 + p*n**2 - n. Give k(2).
6
Let n(a) = -4*a + 12. Let q(m) = 9*m - 26. Let c(z) = -2*n(z) - q(z). Suppose 3*p + p - 12 = 0. What is c(p)?
-1
Let q(v) = -3*v**2 + 201219*v**3 - 12 - 402444*v**3 + 201224*v**3 + 8. Let w = 4 + -2. Let t = w - 5. Give q(t).
-4
Suppose -3*z - 3 + 18 = 3*p, -3*p + 19 = z. Let m(u) be the third derivative of -u**4/12 - u**3/6 - 490*u**2. Determine m(p).
-15
Let y(r) = r**2 + 3 - 9*r + 6*r - 2*r. Let i be y(5). Let l be (0 + -1 + i + 7)*1. Let c(x) = x - 3. Calculate c(l).
6
Let m(n) = n**2 - 8*n - 4*n**3 + 0*n**2 + 19*n + 3 - 7*n**2 + 3*n**3. What is m(-7)?
-25
Let s(m) = -3*m**3 - 16*m**2 - 3*m + 11. Let d(b) = -b**3 - b**2 - b + 4. Let g(k) = 4*d(k) - s(k). Give g(12).
-7
Let i(z) = z**3 - 10*z**2 + 8*z - 9. Let x = -4443 - -4452. Determine i(x).
-18
Let q be -6*3*(-4)/24. Let m(n) = -54*n - 6 + n**q + 11*n**2 + 116*n - 53*n. Let d be -4*1 - (-6 - -12). What is m(d)?
4
Let v = 314 - 287. Let o = v + -16. Let p(q) = q**3 - 11*q**2 - q - 12. What is p(o)?
-23
Let a(j) be the third derivative of -j**4/24 - 5*j**3/6 - 1953*j**2. Give a(-2).
-3
Suppose 33*z = 31*z + 42. Suppose -z*b + 36 = -9*b. Suppose -3*w + b = m - 4*m, -3*w = -5*m - 1. Let p(f) = -2*f + 2. Calculate p(w).
-2
Let m = 27900 + -27889. Let n(z) be the third derivative of z**5/60 - 5*z**4/12 - 5*z**3/3 + z**2. Give n(m).
1
Let c = -4 + 7. Let u(a) be the third derivative of -a**4/24 - 26*a**2. Let q(i) = -2*i + 1. Let t(j) = -2*q(j) + u(j). Determine t(c).
7
Let o(k) = -k. Let g(w) = 3*w + 2. Let a(t) = g(t) + 2*o(t). Let i = -183 - -195. Suppose -7*f + f = -i. Give a(f).
4
Let m(p) = 4 - 13 + 5*p + 2*p - p**2 + 0*p**2. Let i be m(0). Let a(n) = -n**2 - 9*n + 8. Determine a(i).
8
Let q(d) = -6*d + 6. Suppose 0 = -4*t + k + 14, 2*t = 5*k - 13 + 11. Calculate q(t).
-18
Let m(y) be the third derivative of y**4/6 - 35*y**3/3 + 2632*y**2. Calculate m(19).
6
Let s = -446 - -448. Suppose 2*a - l + 19 = 0, -s = -4*a - 5*l - 5. Let f(r) = -2*r - 5*r + 5*r - 4. Give f(a).
10
Let g(w) = -12*w**3 - 10*w**2 + 16*w - 76. Let a(n) = 17*n**3 + 16*n**2 - 24*n + 113. Let u(l) = 5*a(l) + 7*g(l). Determine u(-11).
0
Let q(g) = -2*g - 12. Let z be q(-6). Let l(j) = -3*j - 2*j**2 + z*j + 0*j. Let d(s) = -12*s - 26. Let r be d(-2). Determine l(r).
-2
Let u(y) = -y**2 - 9*y - 5. Let j be u(-8). Suppose -j = -28*g + 27*g. Suppose -38 + 14 = g*w. Let a(q) = q**3 + 7*q**2 - 8*q + 5. Give a(w).
5
Suppose 5 = -c + 6*c, -3*d = c + 14. Let m(a) = -a**2 + 14*a + 90. Give m(d).
-5
Let b(o) = -o**3 - 5*o**2 + 9*o - 2. Suppose -7*z = 2207 - 2158. Give b(z).
33
Let p(h) be the first derivative of h**4/4 - 4*h**3 - 9*h**2/2 + 18*h - 1178. Determine p(13).
70
Let b(a) be the third derivative of a**4/8 + 8*a**3/3 - 5*a**2 - 25. What is b(-5)?
1
Let u = 101 - 99. Let k(w) = w**3 - 4*w + 3. Let x be k(2). Let h(l) = -2*l**3 - 7*l**2 + 3*l**x + 4*l + u*l**2. Give h(3).
-6
Let i(h) be the first derivative of -11*h**6/180 - h**5/60 - h**4/12 - 10*h**3 - 240. Let l(u) be the third derivative of i(u). Calculate l(-1).
-22
Suppose -29*h + 32*h = 39. Let s(c) = -h*c + 15*c + 0*c. Calculate s(6).
12
Let a(y) = -187 + 4*y + 75 + 3*y + 136. Calculate a(-3).
3
Let d(w) = 13*w**3 - 30*w**2 + 5. Let h(s) be the third derivative of -s**6/40 + 7*s**5/60 - s**3/6 - 28*s**2 + 2. Let v(f) = 2*d(f) + 9*h(f). Determine v(4).
-15
Let d(x) = -x**3 + 2*x**2 - 1. Let f(y) be the second derivative of -16*y + 1/6*y**3 + 3/2*y**2 + 0. Let p be f(0). What is d(p)?
-10
Let a(v) = v**2 + 2*v - 4. Suppose 0 = -2*m - 2*c + 30, -3 = c - 2*c. Suppose 0 = 3*g - 3 + m. Determine a(g).
-1
Let z be (-36 - (-6273)/164)*((-20)/6 - 2). Let k(r) = -2*r - 30. Give k(z).
-6
Let d(y) be the third derivative of y**4/24 + y**3 - 9*y**2 + 695*y. Let s = -10 + 0. What is d(s)?
-4
Let q(p) = -10*p**2 + 233*p - 31. Let o(f) = -3*f**2 + 68*f - 10. Let k(u) = 7*o(u) - 2*q(u). Give k(0).
-8
Let p be ((-8550)/100)/((-2)/4). Let h = p + -176. Let d(x) = x**3 + 4*x**2 - 7*x - 1. Determine d(h).
9
Let p(x) = -3*x + 3. Let w be p(1). Let s be 3*21/9 + (w - -1). Suppose -s = -l + 2*v, 3*l - 2*v + 1 - 9 = 0. Let i(q) = -q**2 + q - 6. What is i(l)?
-6
Let b = -11 + 12. Suppose -3*z + 2 = 2*r + 1, 2*z = 4*r - 10. Let s(h) = 30*h**2 - 21*h**r + 1 - 21*h**2 - 2*h. Determine s(b).
-13
Suppose 7*j = 43 - 22. Let q(v) = -68*v - v**2 + 1 + 74*v + j. What is q(6)?
4
Let k = -104 - -112. Let z(t) = 6*t - k + 2*t + 3*t - 7*t. Suppose 3*u + u - 24 = 0. Give z(u).
16
Let m(y) = -20*y + 1594. Let t(r) = -5*r + 355. Let b(n) = -2*m(n) + 9*t(n). Let p(c) = -c**3 + 4*c**2 - 2*c + 2. Let k be p(3). What is b(k)?
-18
Suppose 4*x + i - 3*i = -136, -4*i + 140 = -4*x. Let h = -28 - x. Let p be (h*(48/10)/4)/(-2). Let v(y) = y**2 + y - 4. Calculate v(p).
2
Let r(y) = y**2 + 6*y + 16. Suppose -3663*g - 14 = -3661*g. Determine r(g).
23
Let d(y) = 9*y - 69. Let u be 0 + 4/(-34) + (-358)/(-3043). Give d(u).
-69
Let z be ((-6)/(-30))/((-7)/315*3). Let h(r) = 3*r**2 + 11*r + 11. What is h(z)?
5
Let v be ((-60)/(-70))/(6/(-56)). Let h(i) = i**3 + 7*i**2 - 10*i + 11. What is h(v)?
27
Let u(a) = a**3 - 6*a**2 - 9*a + 8. Let g(w) = 3*w**2 + 10*w + 14. Let r be g(-1). Determine u(r).
-6
Let t(l) = 79*l - 29. Let r(a) = -30*a + 10. Let v(g) = -8*r(g) - 3*t(g). Give v(5).
22
Let m(u) = u - 4. Let a be m(6). Let v(q) = 0*q + 4 - q**a - q + 5. Let j = 106855 + -106855. Determine v(j).
9
Let h(a) = -11*a - 14. Let r(t) = -75*t - 99. Let n(v) = 27*h(v) - 4*r(v). What is n(-14)?
-24
Let l be -1 - (26/(-8) + 6/24). Let y(t) = 10 + 5*t + t**l + 11 - 18. Let j be 4/4 - 3*(-8)/(-6). Determine y(j).
-3
Let m(i) = 0*i**2 - 4*i + 2*i**2 - 3*i**2 + 3. Suppose 14 = 134*n - 142*n - 2*b, 3*n - 24 = -3*b. Determine m(n).
-2
Suppose -4*p = -p. Suppose 6*a - a - 15 = p. Let h(c) = a*c - 2*c - c + c + 2*c**2. What is h(2)?
10
Let d(t) be the first derivative of 50 - 1/3*t**3 - 3/2*t**2 + 2*t. Give d(-4).
-2
Let t(x) = 7*x**2 - 8*x. Let n(c) = 12*c**2 - 16*c + 1. Let q(z) = -3*n(z) + 5*t(z). What is q(7)?
4
Let a(g) = -g**2 + 14*g + 30. Let c be a(14). Let j be 27/108 + c/8. Let i(n) = -5*n + 14. Determine i(j).
-6
Suppose -2620*v + 2622*v - y + 19 = 0, 5*v - 3*y = -49. Let p(g) = -g**3 - 8*g**2 - 11*g - 86. Determine p(v).
2
Let y(u) = u**2 - 22*u - 112. Suppose -5633*t = -5621*t - 324. Calculate y(t).
23
Let h(u) = u - 32. Let x(s) = 31. Let i(k) = 4*h(k) + 5*x(k). Let a(w) = -13*w + 33. Let b be a(3). Let d be i(b). Let p(z) = z**2 + 3. What is p(d)?
12
Suppose -5*n + 9*n = 5*b - 22, -n + 26 = 4*b. Let o(q) be the first derivative of -1/3*q**3 + 7/2*q**2 - 48 - 9*q. What is o(b)?
-3
Let u(h) = -2*h - 12.